multiple of 14?
True
Does 51 divide 82671?
True
Is 73022 a multiple of 8?
False
Is 553469 a multiple of 11?
False
Is 814361 a multiple of 114?
False
Is 2366966 a multiple of 7?
True
Is 2166512 a multiple of 172?
True
Is 11206 a multiple of 169?
False
Is 29 a factor of 2052615?
False
Is 39324 a multiple of 3?
True
Does 95 divide 199242?
False
Does 32 divide 321642?
False
Does 6 divide 5953979?
False
Is 21468792 a multiple of 1103?
True
Does 53 divide 313908?
False
Does 2 divide 40765?
False
Is 42 a factor of 1408726?
False
Is 65 a factor of 5835310?
True
Is 5 a factor of 287050?
True
Is 169902 a multiple of 7?
False
Is 16 a factor of 334580?
False
Does 50 divide 83440?
False
Does 507 divide 5768315?
False
Is 446 a factor of 507994?
True
Is 9 a factor of 82089?
True
Is 7956970 a multiple of 841?
False
Is 17260 a multiple of 10?
True
Is 8 a factor of 152032?
True
Is 18 a factor of 136353?
False
Is 296 a factor of 563584?
True
Is 221 a factor of 19669?
True
Does 17 divide 11740?
False
Does 71 divide 365863?
True
Is 620 a factor of 1162500?
True
Does 26 divide 281664?
False
Does 14 divide 196280?
True
Is 155918 a multiple of 43?
True
Is 104 a factor of 1202889?
False
Is 676650 a multiple of 110?
False
Is 6 a factor of 1527762?
True
Is 778868 a multiple of 20?
False
Is 1264719 a multiple of 29?
True
Is 88 a factor of 201520?
True
Is 16 a factor of 54512?
True
Does 6 divide 37611?
False
Is 245660 a multiple of 6?
False
Does 160 divide 398080?
True
Is 109885 even?
False
Is 418864 a multiple of 3?
False
Is 1250551 a multiple of 702?
False
Is 17 a factor of 1592611?
True
Is 33 a factor of 2468264?
False
Does 18 divide 200860?
False
Is 397997 a multiple of 313?
False
Is 18 a factor of 396160?
False
Does 16 divide 119424?
True
Is 28995 a multiple of 2?
False
Does 107 divide 585076?
True
Is 124778 a multiple of 51?
False
Does 65 divide 71305?
True
Is 118 a factor of 129325?
False
Is 877138 a multiple of 1150?
False
Is 107380 a multiple of 182?
True
Is 73 a factor of 125409?
False
Is 49 a factor of 402878?
True
Does 595 divide 5498395?
True
Is 6 a factor of 3876090?
True
Is 6043520 a multiple of 304?
True
Does 19 divide 14848024?
False
Is 3 a factor of 5611?
False
Does 10 divide 12031655?
False
Is 344 a factor of 1175864?
False
Does 14 divide 87100?
False
Is 17 a factor of 113390?
True
Does 541 divide 83969?
False
Does 18 divide 15480150?
False
Is 84225 a multiple of 25?
True
Does 12 divide 13836348?
True
Is 223 a factor of 194902?
True
Is 97 a factor of 280039?
True
Is 132101 a multiple of 7?
False
Is 2820117 a multiple of 19?
False
Is 3 a factor of 193593?
True
Does 169 divide 16246434?
False
Is 10947 a multiple of 2?
False
Is 239 a factor of 458402?
True
Does 75 divide 4332975?
True
Is 1696680 a multiple of 20?
True
Does 7 divide 346703?
True
Does 93 divide 204288?
False
Is 39811 a multiple of 41?
True
Does 2 divide 49848?
True
Is 15944042 a multiple of 59?
True
Does 69 divide 25944?
True
Is 809424 a multiple of 99?
True
Does 68 divide 2021844?
True
Is 611 a factor of 19643650?
True
Does 123 divide 1103679?
True
Is 38190 a multiple of 114?
True
Is 58 a factor of 50634?
True
Does 9 divide 1158219?
True
Is 7 a factor of 4769917?
False
Is 16 a factor of 401296?
True
Does 222 divide 348779?
False
Is 164 a factor of 22186?
False
Does 155 divide 2552791?
False
Does 13 divide 2026005?
False
Is 32 a factor of 222496?
True
Does 803 divide 770862?
False
Is 62125 a multiple of 88?
False
Is 5969995 a multiple of 850?
False
Is 64 a factor of 1197184?
True
Is 293 a factor of 84677?
True
Is 61 a factor of 193126?
True
Does 506 divide 1106622?
True
Is 5043766 a multiple of 49?
True
Is 21 a factor of 1941786?
True
Is 38 a factor of 22648?
True
Is 248150 a multiple of 19?
False
Is 71 a factor of 592652?
False
Is 404392 a multiple of 78?
False
Does 15 divide 36090?
True
Does 24 divide 5053423?
False
Does 66 divide 2243076?
True
Is 91686 a multiple of 259?
True
Does 58 divide 8232580?
False
Is 279002 a multiple of 37?
False
Is 62 a factor of 38564?
True
Does 13 divide 3012370?
False
Is 9 a factor of 164659?
False
Is 10 a factor of 1926580?
True
Does 289 divide 425697?
True
Is 34149 a multiple of 2?
False
Is 1850355 a multiple of 65?
True
Is 23 a factor of 210546?
False
Does 38 divide 108960?
False
Is 179 a factor of 5787607?
True
Is 5100725 a multiple of 35?
True
Is 150250 a multiple of 125?
True
Does 6 divide 1282020?
True
Does 27 divide 828144?
True
Does 74 divide 3066759?
False
Is 149 a factor of 271719?
False
Does 138 divide 933432?
True
Is 1245357 a multiple of 8?
False
Does 36 divide 37548?
True
Does 2 divide 846062?
True
Is 1557306 a multiple of 18?
True
Is 3089778 a multiple of 12?
False
Is 2785429 a multiple of 56?
False
Is 50 a factor of 567750?
True
Is 960250 a multiple of 7?
False
Does 10 divide 7085940?
True
Is 250917 a multiple of 83?
False
Does 92 divide 249369?
False
Is 7446544 a multiple of 7?
True
Does 52 divide 5101135?
False
Is 65 a factor of 5474625?
True
Is 170291 a multiple of 164?
False
Is 7674887 a multiple of 21?
False
Is 4230204 a multiple of 146?
True
Does 1131 divide 3311568?
True
Is 42 a factor of 39774?
True
Is 27404 a multiple of 13?
True
Does 8 divide 725160?
True
Is 2600820 a multiple of 589?
False
Does 228 divide 1562558?
False
Does 71 divide 9200796?
False
Does 7 divide 8981?
True
Is 443 a factor of 2342636?
False
Does 16 divide 20776592?
True
Does 271 divide 8856822?
True
Is 50694 a multiple of 7?
True
Is 542953 a multiple of 29?
False
Is 74 a factor of 280173?
False
Does 895 divide 141410?
True
Is 7397488 a multiple of 514?
True
Is 110 a factor of 44330?
True
Is 1053 a factor of 5383989?
True
Is 286 a factor of 1116258?
True
Is 89 a factor of 108402?
True
Does 36 divide 3385?
False
Does 14 divide 14479220?
True
Is 77436 a multiple of 27?
True
Does 178 divide 98256?
True
Does 7 divide 90545?
True
Is 6020665 a multiple of 179?
True
Is 299 a factor of 504644?
False
Is 29391 a multiple of 352?
False
Does 41 divide 186181?
True
Is 47 a factor of 205990?
False
Does 28 divide 947044?
True
Is 16 a factor of 71344?
True
Is 119 a factor of 547245?
False
Is 6420 a multiple of 2?
True
Does 11 divide 130878?
True
Is 14 a factor of 7303435?
False
Is 1369480 a multiple of 140?
True
Is 19 a factor of 37818?
False
Is 1291812 a multiple of 2?
True
Does 54 divide 383304?
False
Does 13 divide 7491571?
False
Is 129 a factor of 154284?
True
Is 137433 a multiple of 2?
False
Is 323150 even?
True
Does 2 divide 8655?
False
Does 443 divide 12485069?
True
Does 13 divide 264642?
False
Does 288 divide 691776?
True
Is 482 a factor of 2468127?
False
Is 11 a factor of 119449?
True
Does 315 divide 478899?
False
Does 58 divide 22098?
True
Is 153295 a multiple of 155?
True
Does 8 divide 3346552?
True
Is 111296 a multiple of 16?
True
Is 254 a factor of 135890?
True
Does 43 divide 135235?
True
Is 7 a factor of 22741?
False
Is 246013 a multiple of 37?
True
Is 29804 a multiple of 12?
False
Is 9 a factor of 751609?
False
Is 127 a factor of 51487?
False
Is 69 a factor of 4907349?
True
Is 480760 a multiple of 476?
True
Is 538958 a multiple of 9?
False
Does 39 divide 116135?
False
Is 724616 a multiple of 24?
False
Does 9 divide 1319181?
False
Is 520 a factor of 291200?
True
Does 38 divide 2222848?
True
Is 12 a factor of 2928874?
False
Is 963290 a multiple of 12?
False
Is 13 a factor of 125697?
True
Is 24 a factor of 390863?
False
Is 103097 a multiple of 13?
False
Is 4 a factor of 4340?
True
Is 609719 a multiple of 121?
True
Is 35 a factor of 4143965?
True
Is 320942 a multiple of 46?
True
Is 20188349 a multiple of 26?
False
Does 34 divide 2570774?
True
Is 338 a factor of 464490?
False
Does 12 divide 432719?
False
Is 166 a factor of 38014?
True
Does 12 divide 18565428?
True
Is 2023 a multiple of 10?
False
Does 1195 divide 9598252?
False
Does 23 divide 7911446?
False
Is 9 a factor of 237982?
False
Is 196511 a multiple of 8?
False
Is 744810 a multiple of 61?
True
Is 246093 a multiple of 8?
False
Is 105126 a multiple of 21?
True
Does 6 divide 56195?
False
Is 20808 a multiple of 19?
False
Is 679560 a multiple of 280?
True
Does 4 divide 559346?
False
Is 52 a factor of 5437172?
True
Is 16514946 a multiple of 14?
True
Does 338 divide 6235762?
True
Does 3 divide 16651?
False
Does 165 